?
0
Let s(h) = -h**3 + 2*h - 27. Let i be s(0). What is the units digit of ((-36)/(-14))/(i/(-504))?
8
Suppose 2*w + 4*s - 86 = 0, 6*w + 5*s = 2*w + 166. Let f = w - 37. Suppose f*g = 5*b - 2 + 98, 3*g - 182 = -2*b. What is the units digit of g?
8
Suppose -87*u - 14018 = -153305. What is the units digit of u?
1
Let h = -66 - -181. Let c = h + 57. What is the hundreds digit of c?
1
Let p = -22 + 15. Let n(i) = -11*i - 20. Let u be n(p). Let w = 109 - u. What is the units digit of w?
2
Suppose 0 = -8*s + 4531 + 965. What is the units digit of s?
7
Suppose 5*z + 5*b + 10 = 0, -4*z - b = 5 - 3. Suppose -17*v + 5934 - 290 = z. What is the tens digit of v?
3
Suppose 5*h + 5 = 4*a, h - 12 = -3*a + 2*h. Suppose a*x + 16 = x. What is the units digit of -22*((-13)/2 - x)?
5
Let s be -3 - ((-90)/(-8))/((-1)/20). Let z = s - 151. What is the tens digit of z?
7
Let c(s) = s**2 + 2020. What is the tens digit of c(0)?
2
Suppose -1134 = 16*o - 14*o. Let d = -383 - o. What is the tens digit of d?
8
Let f be 38/5 + (-10)/(-25). Let b = -8 + f. Suppose 2*n + 3*a = -0*a, b = -3*a - 6. What is the units digit of n?
3
Suppose -15*a + 9*a = -36. Suppose a*p - 562 = 296. What is the hundreds digit of p?
1
Suppose -2*g - 16*i + 3224 = -12*i, 5*g - 8096 = -i. What is the units digit of g?
0
What is the tens digit of (10 - (-1 - -6)) + 2536?
4
Suppose 0 = -3*v + g + 12300, -2*g - 8200 = -2*v + 3*g. What is the hundreds digit of v?
1
Suppose -3*l + 5*h + 28 = -34, 41 = 2*l - 3*h. Suppose -4*j + l = 7. Suppose -j*n - 40 = -7*n. What is the units digit of n?
0
Let y = -9 - -8. Let w be (0 - y)*-3 + 6. What is the units digit of (-108)/9*w/(-4)?
9
Let a = 15 - 10. Let x(f) = -a*f**2 + 1 + 3 - f + 6*f - f**3. What is the tens digit of x(-6)?
1
Suppose 114 - 24 = -6*f. Let b(x) = 2*x**2 + 29*x - 1. What is the tens digit of b(f)?
1
Let h(d) = -d**3 - 2*d**2 - 5*d - 1. Let o be h(-4). Suppose -260 - 11 = -3*y - 2*n, 182 = 2*y + n. Let u = y - o. What is the units digit of u?
2
Let u = -5891 + 8319. What is the tens digit of u?
2
Let t = -53 - -100. Suppose 4*y + 9 = -2*b - y, 3*y + t = 4*b. What is the units digit of b?
8
Let l = -95 - -362. What is the hundreds digit of l?
2
Let r(w) = -w + 8. Let j be r(5). Let n be 1 + 0 + (j - 0). What is the units digit of 174/54 + n/(-18)?
3
Let k be (-146)/4 + (-4)/(-8). Let j(t) = 16*t - 4. Let d be j(-3). Let m = k - d. What is the tens digit of m?
1
Let s be -1 + 3 + (-3 - -5). Suppose -3*n - 3*m = 0, -4*m - 4 = s. Suppose 2*c + 114 = 5*x, n*x - 3*c = -0*x + 39. What is the tens digit of x?
2
What is the units digit of ((-42)/(-4))/((-129)/(-4214))?
3
Suppose u = 4*m - 15649, -55*m = -54*m + 4*u - 3925. What is the thousands digit of m?
3
Let w(a) = -a**2 - 12*a + 7. Let j(d) = 3*d**2 + 23*d - 14. Let r(x) = 2*j(x) + 5*w(x). What is the hundreds digit of r(19)?
1
Let a(q) = q**2 + 6*q - 48. What is the units digit of a(10)?
2
Suppose -4*o + 5*c - 184 = 0, o - 92 = 3*o - 4*c. Let z = 2 - o. Suppose -5*s - 5*q = -100, 3*q = 3*s - 0*s - z. What is the units digit of s?
8
Let g be (2/(-12))/((-2)/6)*4. Suppose g*i = 5*r - 858, -3*r = -2*i - 241 - 277. What is the hundreds digit of r?
1
Let n(z) = -z + 2. Let r be n(-3). Suppose r*s + 2*x = 4*x + 31, 0 = s - 4*x + 1. Let v = -3 + s. What is the units digit of v?
4
What is the tens digit of (-14)/(-21) + (75840/9)/8?
5
What is the units digit of (-2)/(-3)*75 - 5?
5
Let s(l) be the third derivative of l**5/20 - l**3/6 + l**2. Let g be s(-1). Suppose -c - g*c + 66 = 0. What is the tens digit of c?
2
Let s(r) = 2*r**2 - 111*r - 110. What is the hundreds digit of s(62)?
6
Suppose 5*r + 1295 = i + r, 0 = i + 4*r - 1335. What is the hundreds digit of i?
3
Suppose r = 2*r + 4*p + 66, 4*p - 198 = 3*r. Suppose -244*w = -240*w + 120. Let d = w - r. What is the tens digit of d?
3
Let k = 477 + -295. What is the units digit of k?
2
Let q(u) = 31*u**2 - 10*u - 13. What is the tens digit of q(-4)?
2
Let b = -69 - -59. Let d = b + 18. What is the units digit of d?
8
Let c = 295 - 126. What is the tens digit of c?
6
Suppose -5*p - 10 = -5*w, 5*p + 0*p + 11 = 4*w. Let x = p - -11. Suppose 5*b = 4*q - 138, 4*b - x*b = 3*q - 88. What is the units digit of q?
2
Suppose -75*q + 20*q = -86350. What is the tens digit of q?
7
Let o be (-12)/30 - (-4)/10. Let z be 2/((-3)/(-2) - 2). What is the tens digit of ((-10)/z + o)*10?
2
Let r = 4724 + -1800. What is the thousands digit of r?
2
Let q(t) = -t**3 - 13*t**2 + 15*t + 18. Let o be q(-14). Suppose -o*j + 17 = -87. What is the units digit of j?
6
Let b(q) be the first derivative of -8*q**2 - 4*q + 1. Let i be b(-5). Suppose -w = 3*w - i. What is the tens digit of w?
1
Suppose -3*y = 2*y - 10. Suppose 0 = -y*z + z + 14. Suppose 0 = -5*p + z + 56. What is the tens digit of p?
1
Suppose 3*i - i = 14. What is the units digit of i?
7
Let i be (-6)/10 - 8208/45. Let s = 370 + i. What is the hundreds digit of s?
1
Let r = 14 + -10. Suppose -b - 3*g = -54 - 23, 144 = 2*b - r*g. What is the units digit of b?
4
Let u(c) = 7*c - 1. Let f be (68/6)/((-6)/(-9)). Let h = -13 + f. What is the tens digit of u(h)?
2
Let d = -13 + 13. Suppose -2*m + 0*m + 14 = d. Suppose -11*r = -m*r - 36. What is the units digit of r?
9
Suppose 0 = 13*h - 10*h - 534. What is the tens digit of h?
7
Suppose 2*o = l - 13, -3*o + 0*o = 12. Suppose -2*g - 4*d - 9 = -3*g, 2*d = -l*g + 23. What is the units digit of g?
5
Suppose -4*o + 16 = 0, -3*o - 51 - 17 = -4*b. Suppose s + 3*q - 208 = -s, -5*q = b. What is the units digit of s?
0
What is the units digit of ((-40)/(-32) - (-6)/(-8))*154?
7
Suppose -7*f + 47*f - 54200 = 0. What is the thousands digit of f?
1
Suppose -608 = -0*t - 4*t - 4*h, -306 = -2*t - 4*h. What is the hundreds digit of t?
1
Let x(n) = 5*n**2 - 10*n - 10. Let i be x(-7). Suppose b = 6*b - i. What is the units digit of b?
1
Suppose 7*p = 27 - 6. Suppose -z - p*v = -147, z = -2*z - 3*v + 447. What is the tens digit of z?
5
Let k be 2/((-2)/4 - 66/(-116)). Suppose 170 + k = 5*d + n, 5*n + 45 = d. What is the tens digit of d?
4
Let c be -1 - (-2 + (-15 - -1)). Let s = -16 + c. What is the units digit of s - -3*(3 + -2)?
2
Suppose 4*z - 910 = 5*l + 669, 4*l = 3*z - 1184. What is the tens digit of z?
9
Let p(d) = -49*d - 1191. What is the tens digit of p(-61)?
9
Let j(p) = p**3 + 3*p**2 - 7*p - 8. Let u be j(-4). What is the hundreds digit of 54/(-36) - (-454)/u?
1
Let o = -24 + 15. Let z = o + 73. What is the units digit of z?
4
Let a(x) = -x - 3. Let p be a(-3). Suppose 5*l - 149 = 3*o, -2*l + p*l = 5*o - 41. What is the units digit of l?
8
Let x = 169 + -73. Suppose -4*b = -0*b - x. What is the tens digit of b?
2
Suppose -53*m + 33*m + 31020 = 0. What is the thousands digit of m?
1
Suppose 825 = 3*a - a + o, 0 = -2*a + 5*o + 831. Suppose -a + 145 = -4*y. What is the tens digit of y?
6
Let k = 213 + -112. Let s(d) = -d - 8. Let m be s(-12). Suppose 5*i = -2*v + k - 0, 5*i = m*v + 113. What is the tens digit of i?
2
Let x be 140/6*(-6)/(-5)*5. What is the tens digit of x - (4/(-10) + (-22)/(-5))?
3
Let y(v) be the second derivative of 2*v**3 + 5*v + 0 + 2/3*v**4 - 7/2*v**2 - 1/20*v**5. What is the units digit of y(9)?
0
Let c(h) = 3*h**2 - 6*h + 61. Let q be c(13). Let y = -185 + q. What is the hundreds digit of y?
3
Let a = -1511 + 2683. What is the hundreds digit of a?
1
Let r = 290 + -146. What is the units digit of r?
4
What is the tens digit of (-80)/60 + (-15292)/(-12)?
7
Suppose -3*w = -0*w - y - 16, 0 = w + 5*y - 32. Suppose -g + w*g - 414 = 0. What is the units digit of g?
9
Let d(n) = -101*n - 144. What is the thousands digit of d(-23)?
2
Suppose 0 = -2*j - 3*n + 1490, -3*j - 9*n + 8*n + 2221 = 0. What is the units digit of j?
9
What is the tens digit of 5/2*((-1696)/20)/(-4)?
5
Suppose -12732 = 48*g - 54*g. What is the thousands digit of g?
2
What is the units digit of 2437 - (-6 - 21/(-7))?
0
Let v be 0/2*1/2. Let z be 2/4 - (-72)/16. Suppose -2*r + v*r + 2*m = -54, z*r + 3*m = 119. What is the units digit of r?
5
Suppose -2*p + 10 = q, 3*p - 19 - 2 = -2*q. Suppose 98 = l - 42. What is the units digit of (-2)/(-6) + l/q?
2
Let k be 16/6*(-15)/(-10). Suppose -4*j + 291 - 60 = -3*y, 0 = -k*j + 2*y + 230. What is the units digit of j?
7
Let f = -17 - -19. Let w(j) = -2*j**2